{"id":9,"date":"2026-05-07T23:29:25","date_gmt":"2026-05-07T23:29:25","guid":{"rendered":"https:\/\/planetasostenible.cl\/?page_id=9"},"modified":"2026-05-07T23:51:27","modified_gmt":"2026-05-07T23:51:27","slug":"ecosistema-educativo","status":"publish","type":"page","link":"https:\/\/planetasostenible.cl\/","title":{"rendered":"Ecosistema Educativo"},"content":{"rendered":"\t\t<div data-elementor-type=\"wp-post\" data-elementor-id=\"9\" class=\"elementor elementor-9\">\n\t\t\t\t<div class=\"elementor-element elementor-element-c13b2b6 e-flex e-con-boxed e-con e-parent\" data-id=\"c13b2b6\" data-element_type=\"container\" data-e-type=\"container\">\n\t\t\t\t\t<div class=\"e-con-inner\">\n\t\t\t\t\t\t\t\n\t\t\t<img class=\"e-image-base \" \n\t\t\t\t\tdata-interaction-id=\"141c1ab\" \n\t\t \n\t\t \n\t\t\t\t\t\t\t\t\tid=\"11\"\n\t\t\t\t\t\t\t\t\t\t\t\tsrc=\"https:\/\/planetasostenible.cl\/wp-content\/uploads\/2026\/05\/Logo_500x500.png\"\n\t\t\t\t\t\t\t\t\t\t\t\twidth=\"500\"\n\t\t\t\t\t\t\t\t\t\t\t\theight=\"500\"\n\t\t\t\t\t\t\t\t\t\t\t\tsrcset=\"https:\/\/planetasostenible.cl\/wp-content\/uploads\/2026\/05\/Logo_500x500.png 500w, https:\/\/planetasostenible.cl\/wp-content\/uploads\/2026\/05\/Logo_500x500-300x300.png 300w, https:\/\/planetasostenible.cl\/wp-content\/uploads\/2026\/05\/Logo_500x500-150x150.png 150w\"\n\t\t\t\t\t\t\t\t\t\t\t\talt=\"\"\n\t\t\t\t\t\t\/>\n\t\t\t\t\t\t\t\t<h2 \n\t\tdata-interaction-id=\"8e70508\" \n\t\tclass=\"e-heading-base\" \n\t\t \n\t\t\n\t>\n\t\n\t\t\tBienvenidos a Planeta Sostenible\n\t\t<\/h2>\n\t\t\t\t\t\t\t\t<p class=\"e-09e2410-963a8d7 e-paragraph-base\" data-interaction-id=\"09e2410\"  >\n\t\t\t\t\t\t\t\tEstamos realizando una actualizaci\u00f3n t\u00e9cnica de nuestro sitio web para volver a compartir, de manera m\u00e1s clara y segura, todos nuestros contenidos, libros, proyectos educativos, art\u00edculos y recursos para escuelas, familias e instituciones.Durante este proceso, algunas secciones pueden no estar disponibles temporalmente.Muy pronto volveremos con nuestra biblioteca de contenidos, nuestras propuestas de educaci\u00f3n, naturaleza, patrimonio, arte y aprendizaje socioemocional.Gracias por tu comprensi\u00f3n y por seguir siendo parte de este ecosistema educativo.Planeta SostenibleLibros, educaci\u00f3n, naturaleza y nuevas formas de aprender.\n\t\t\t\t\t<\/p>\n\t\t\t\t\t<\/div>\n\t\t\t\t<\/div>\n\t\t\t\t<\/div>\n\t\t","protected":false},"excerpt":{"rendered":"<p>Bienvenidos a Planeta Sostenible Estamos realizando una actualizaci\u00f3n t\u00e9cnica de nuestro sitio web para volver a compartir, de manera m\u00e1s clara y segura, todos nuestros contenidos, libros, proyectos educativos, art\u00edculos y recursos para escuelas, familias e instituciones.Durante este proceso, algunas secciones pueden no estar disponibles temporalmente.Muy pronto volveremos con nuestra biblioteca de contenidos, nuestras propuestas [&hellip;]<\/p>\n","protected":false},"author":1,"featured_media":0,"parent":0,"menu_order":0,"comment_status":"closed","ping_status":"closed","template":"elementor_canvas","meta":{"footnotes":""},"class_list":["post-9","page","type-page","status-publish","hentry"],"_links":{"self":[{"href":"https:\/\/planetasostenible.cl\/index.php?rest_route=\/wp\/v2\/pages\/9","targetHints":{"allow":["GET"]}}],"collection":[{"href":"https:\/\/planetasostenible.cl\/index.php?rest_route=\/wp\/v2\/pages"}],"about":[{"href":"https:\/\/planetasostenible.cl\/index.php?rest_route=\/wp\/v2\/types\/page"}],"author":[{"embeddable":true,"href":"https:\/\/planetasostenible.cl\/index.php?rest_route=\/wp\/v2\/users\/1"}],"replies":[{"embeddable":true,"href":"https:\/\/planetasostenible.cl\/index.php?rest_route=%2Fwp%2Fv2%2Fcomments&post=9"}],"version-history":[{"count":8,"href":"https:\/\/planetasostenible.cl\/index.php?rest_route=\/wp\/v2\/pages\/9\/revisions"}],"predecessor-version":[{"id":25,"href":"https:\/\/planetasostenible.cl\/index.php?rest_route=\/wp\/v2\/pages\/9\/revisions\/25"}],"wp:attachment":[{"href":"https:\/\/planetasostenible.cl\/index.php?rest_route=%2Fwp%2Fv2%2Fmedia&parent=9"}],"curies":[{"name":"wp","href":"https:\/\/api.w.org\/{rel}","templated":true}]}}